{"id":84,"date":"1972-06-22T11:54:25","date_gmt":"1972-06-22T11:54:25","guid":{"rendered":"https:\/\/sufoi.dk\/butik\/?post_type=product&#038;p=84"},"modified":"2024-07-07T07:56:16","modified_gmt":"2024-07-07T07:56:16","slug":"ufo-dokumenteret","status":"publish","type":"product","link":"https:\/\/sufoi.dk\/butik\/vare\/ufo-dokumenteret\/","title":{"rendered":"UFO-Dokumenteret &#8211; E-BOG"},"content":{"rendered":"<p>Jeg har ofte spurgt mig selv, hvordan \u201den god bog om UFOer\u201d skulle v\u00e6re. Hvem ville v\u00e6re kvalificeret til at skrive den, hvad skulle den indeholde, og hvilke sp\u00f8rgsm\u00e5l skulle den fors\u00f8ge at besvare? Jeg besluttede at pr\u00f8ve at skrive en s\u00e5dan bog, baseret p\u00e5 mine 20 \u00e5rs n\u00e6re tilknytning til emnet; 20 \u00e5r med afh\u00f8ring af mange hundrede personer<br \/>\nog personlige unders\u00f8gelser af n\u00e6sten lige s\u00e5 mange tilf\u00e6lde.<\/p>\n<p>Jeg besluttede at beskrive, hvordan f\u00f8rsteh\u00e5nds UFO-rapporter tager sig ud, f\u00f8rst og fremmest til gl\u00e6de for dem, som har v\u00e6ret virkelig forbl\u00f8ffet over UFO-sp\u00f8rgsm\u00e5let, hvilke mennesker rapporterne kommer fra, hvad de har tilf\u00e6lles og hvordan emnet f\u00f8rhen er blevet pr\u00e6senteret og behandlet (jeg kan \u00e6rlig talt ikke sige \u201dstuderet\u201d).<\/p>\n<p>Jeg vil imidlertid ikke vove at beskrive, hvad UFOer er, for det ved jeg ikke; men jeg kan fastsl\u00e5 ud over enhver rimelig tvivl, at de ikke alle er misopfattelser eller fupnumre.<\/p>\n<p>Fra J. Allen Hyneks forord til bogen.<\/p>\n<p>E-bogen <em>UFO-Dokumenteret<\/em> var den f\u00f8rste ufo-bog, J. Allen Hynes skrev, efter han forlod Project Blue Book i 1969. Siden blev bogen en klassiker indenfor ufo-litteraturen &#8211; og er den eneste af Hyneks b\u00f8ger, der er oversat til dansk.<\/p>\n<p>K\u00f8b e-bogen, download den, og g\u00e5 i gang med at l\u00e6se den med det samme.<\/p>\n<p>E-bog i PDF-format, 252 sider<\/p>\n","protected":false},"excerpt":{"rendered":"<p>E-bogen <em>UFO-Dokumenteret<\/em> var den f\u00f8rste ufo-bog, J. Allen Hynes skrev, efter han forlod Project Blue Book i 1969. Siden blev bogen en klassiker indenfor ufo-litteraturen &#8211; og er den eneste af Hyneks b\u00f8ger, der er oversat til dansk.<\/p>\n<p>K\u00f8b e-bogen, download den, og g\u00e5 i gang med at l\u00e6se den med det samme.<\/p>\n<p>E-bog i PDF-format, 252 sider<\/p>\n","protected":false},"featured_media":86,"comment_status":"open","ping_status":"closed","template":"","meta":[],"product_brand":[],"product_cat":[21],"product_tag":[],"class_list":{"0":"post-84","1":"product","2":"type-product","3":"status-publish","4":"has-post-thumbnail","6":"product_cat-gl-e-boeger","8":"first","9":"instock","10":"downloadable","11":"virtual","12":"purchasable","13":"product-type-simple"},"_links":{"self":[{"href":"https:\/\/sufoi.dk\/butik\/wp-json\/wp\/v2\/product\/84","targetHints":{"allow":["GET"]}}],"collection":[{"href":"https:\/\/sufoi.dk\/butik\/wp-json\/wp\/v2\/product"}],"about":[{"href":"https:\/\/sufoi.dk\/butik\/wp-json\/wp\/v2\/types\/product"}],"replies":[{"embeddable":true,"href":"https:\/\/sufoi.dk\/butik\/wp-json\/wp\/v2\/comments?post=84"}],"wp:featuredmedia":[{"embeddable":true,"href":"https:\/\/sufoi.dk\/butik\/wp-json\/wp\/v2\/media\/86"}],"wp:attachment":[{"href":"https:\/\/sufoi.dk\/butik\/wp-json\/wp\/v2\/media?parent=84"}],"wp:term":[{"taxonomy":"product_brand","embeddable":true,"href":"https:\/\/sufoi.dk\/butik\/wp-json\/wp\/v2\/product_brand?post=84"},{"taxonomy":"product_cat","embeddable":true,"href":"https:\/\/sufoi.dk\/butik\/wp-json\/wp\/v2\/product_cat?post=84"},{"taxonomy":"product_tag","embeddable":true,"href":"https:\/\/sufoi.dk\/butik\/wp-json\/wp\/v2\/product_tag?post=84"}],"curies":[{"name":"wp","href":"https:\/\/api.w.org\/{rel}","templated":true}]}}