{"id":77,"date":"2024-06-22T06:59:35","date_gmt":"2024-06-22T06:59:35","guid":{"rendered":"https:\/\/sufoi.dk\/butik\/?post_type=product&#038;p=77"},"modified":"2024-10-01T11:37:01","modified_gmt":"2024-10-01T11:37:01","slug":"den-store-ufo-afsloering","status":"publish","type":"product","link":"https:\/\/sufoi.dk\/butik\/vare\/den-store-ufo-afsloering\/","title":{"rendered":"Den store ufo-afsl\u00f8ring"},"content":{"rendered":"<p><em>Den store UFO-afsl\u00f8ring<\/em>\u00a0fokuserer p\u00e5 udviklingen i ufoernes historie i perioden fra den 16. december 2017 \u2013 hvor New York Times satte ufob\u00f8lgen i gang \u2013 til den 8. marts 2024, hvor Pentagon offentliggjorde den f\u00f8rste af to analyser af ufooplevelser i USA.<\/p>\n<p><iframe loading=\"lazy\" title=\"Den store UFO afsl\u00f8ring\" width=\"500\" height=\"281\" src=\"https:\/\/www.youtube.com\/embed\/Z8Mk1a_Kn4E?feature=oembed\" frameborder=\"0\" allow=\"accelerometer; autoplay; clipboard-write; encrypted-media; gyroscope; picture-in-picture; web-share\" referrerpolicy=\"strict-origin-when-cross-origin\" allowfullscreen><\/iframe><\/p>\n<p>Det er en syv \u00e5r lang periode, hvor historier om ufoer for alvor er blevet en del af opm\u00e6rksomheds\u00f8konomien. Is\u00e6r da corona-pandemien klingede ud og for l\u00e6ngst havde mistet sin nyhedsv\u00e6rdi, var medierne sultne, klar til at blive fodret igen, og de fik serveret opsigtsv\u00e6kkende historier og en gammel konspirationsteori, der talte til fantasien og vores behov for underholdning.<\/p>\n<p>Det er ogs\u00e5 en periode, hvor den religi\u00f8se dimension har f\u00e5et en ren\u00e6ssance. I ufoernes barndom i 1940\u2019erne og 1950\u2019erne p\u00e5stod ufoprofeter, heriblandt amerikaneren George Adamski, at de kendte sandheden om de flyvende tallerkener. Det var fart\u00f8jer med rumbr\u00f8dre fra Solsystemets planeter. Ufoprofeterne viderebragte rumbr\u00f8drenes religi\u00f8se og sm\u00e5filosofiske budskaber til tr\u00f8st for de jordiske ufomenigheder i en verden, der dengang var pr\u00e6get af koldkrigsangst og l\u00e6ngsel efter normalitet, tryghed og fremtidsh\u00e5b.<\/p>\n<p>Siden december 2017 har vi set nye ufoprofeter tr\u00e6de ind p\u00e5 scenen. De opfatter sig selv som sandsigere og dyrker konspirationsteorier og fort\u00e6llingen om den store ufo-afsl\u00f8ring. P\u00e5 sociale medier, i egne podcasts og b\u00e5ret frem af lynhurtig nyhedsspredning via samarbejdsvillige nyhedsmedier f\u00e5r de gennemslagskraft i en kriseramt verden med klimaskabte naturkatastrofer, krige, flygtningestr\u00f8mme, udbredt frygt for alle former for trusler og \u201ddet fremmede\u201d og en sv\u00e6kket tillid til autoriteter.<\/p>\n<p>Mediernes fokus p\u00e5 ufoer siden december 2017 har gjort emnet stuerent for mange nye ufointeresserede. Det er forfatterens h\u00e5b med\u00a0<em>Den store UFO-afsl\u00f8ring<\/em>\u00a0at give alle disse nysgerrige mennesker en mulighed for at s\u00e6tte nutidens ufohistorier i perspektiv og gennem bogens noter og foresl\u00e5ede bogtitler, podcasts og videoer inspirere dem til at f\u00e5 del i den viden, som faktisk findes om ufooplevelser \u2013 og samtidig holde hovedet koldt og begge ben p\u00e5 jorden.<\/p>\n<p>87 sider<\/p>\n<p><a href=\"https:\/\/sufoi.dk\/butik\/linkguiden-til-den-store-ufo-afsloering\/\" target=\"_blank\" rel=\"noopener\">Find live links til bogens noter her<\/a>.<\/p>\n<p>&nbsp;<\/p>\n<h2>Anmeldelser:<\/h2>\n<blockquote><p>&#8220;<em>&#8230; man m\u00e5 h\u00e5be at mangt en journalist f\u00e5r den i h\u00e5nden og bruger den som springbr\u00e6t til at s\u00e6tte sig bedre, og mere kritisk, ind i emnet. Bogen vil ogs\u00e5 lande godt hos den almindelige l\u00e6ser med interesse for omr\u00e5det.<\/em>&#8220;<\/p><\/blockquote>\n<p class=\"site-description\" style=\"text-align: right;\">Thore Bj\u00f8rnvig, mag. art. i religionsvidenskab<\/p>\n<p>&nbsp;<\/p>\n<blockquote><p><em>Lille, men meget gennemarbejdet og seri\u00f8s fagbog om et til tider kontroversielt emne. Med baggrund i et enormt kildemateriale og med stor indsigt afs\u00f8ges emnet indg\u00e5ende og kildekritisk, s\u00e5ledes at l\u00e6seren selv kan danne sig sit eget indtryk. Stoffet formidles p\u00e5 et relativt h\u00f8jt niveau, men samtidigt meget bredt tilg\u00e6ngeligt.<\/em><\/p>\n<p style=\"text-align: right;\">Bibliotekernes vurdering &#8211; <a href=\"https:\/\/bibliotek.dk\/anmeldelse\/den-store-ufo-afsloering\/work-of:870970-basis:138487024\/870976-anmeld:138594777\">L\u00e6s hele anmeldelsen her<\/a><\/p>\n<\/blockquote>\n","protected":false},"excerpt":{"rendered":"<p><em>Den store UFO-afsl\u00f8ring<\/em>\u00a0handler de seneste syv \u00e5rs ufohype, der i virkeligheden handler om tro, politik og penge og forsvindende lidt om rumv\u00e6sner og skjulte sandheder.<\/p>\n","protected":false},"featured_media":76,"comment_status":"open","ping_status":"closed","template":"","meta":[],"product_brand":[],"product_cat":[20],"product_tag":[],"class_list":{"0":"post-77","1":"product","2":"type-product","3":"status-publish","4":"has-post-thumbnail","6":"product_cat-boeger","8":"first","9":"instock","10":"shipping-taxable","11":"purchasable","12":"product-type-simple"},"_links":{"self":[{"href":"https:\/\/sufoi.dk\/butik\/wp-json\/wp\/v2\/product\/77","targetHints":{"allow":["GET"]}}],"collection":[{"href":"https:\/\/sufoi.dk\/butik\/wp-json\/wp\/v2\/product"}],"about":[{"href":"https:\/\/sufoi.dk\/butik\/wp-json\/wp\/v2\/types\/product"}],"replies":[{"embeddable":true,"href":"https:\/\/sufoi.dk\/butik\/wp-json\/wp\/v2\/comments?post=77"}],"wp:featuredmedia":[{"embeddable":true,"href":"https:\/\/sufoi.dk\/butik\/wp-json\/wp\/v2\/media\/76"}],"wp:attachment":[{"href":"https:\/\/sufoi.dk\/butik\/wp-json\/wp\/v2\/media?parent=77"}],"wp:term":[{"taxonomy":"product_brand","embeddable":true,"href":"https:\/\/sufoi.dk\/butik\/wp-json\/wp\/v2\/product_brand?post=77"},{"taxonomy":"product_cat","embeddable":true,"href":"https:\/\/sufoi.dk\/butik\/wp-json\/wp\/v2\/product_cat?post=77"},{"taxonomy":"product_tag","embeddable":true,"href":"https:\/\/sufoi.dk\/butik\/wp-json\/wp\/v2\/product_tag?post=77"}],"curies":[{"name":"wp","href":"https:\/\/api.w.org\/{rel}","templated":true}]}}